 -4*j - 4*y - 32, 0 = 5*j + 3*y - 5*y + 33. Let n = j - -15. What is the greatest common factor of n and 20?
4
Let i = -14 + 34. Let f(b) = 113*b - 6. Let a be f(2). Calculate the greatest common divisor of a and i.
20
Let v = 1 + -2. Let r be -6*-11*v/(-3). Suppose -2*f + 12 = -2*s, -4*f = 5*s - 1 + 13. What is the greatest common divisor of r and f?
2
Suppose -t + 0*t + 46 = 5*o, 66 = 3*t - 3*o. Let i = 14 - -27. Let f = i - t. Calculate the highest common factor of f and 45.
15
Let j(x) = 6*x**2 + 5*x + 1. Let o be j(4). What is the highest common factor of 13 and o?
13
Let u(g) = g. Let h be u(2). Suppose -3*c - 10 = -8*c. Suppose c*v + h = v + m, 6 = 2*m. Calculate the highest common factor of v and 11.
1
Let l(k) be the third derivative of k**4/8 + k**3/6 + 3*k**2. Let d be l(2). Calculate the highest common factor of 63 and d.
7
Let l = -7 + 15. Calculate the highest common divisor of 24 and l.
8
Let m(f) = 2*f**3 + f**2 - f + 1. Let g be m(1). Suppose 3*b - c = 58, -b - 4*b + 102 = -g*c. Let h = b - -17. What is the highest common factor of h and 5?
5
Let z(o) = -4*o - 9. Let k be z(-3). What is the highest common factor of 33 and k?
3
Suppose 0 = -5*u + 2*c + 260, c + 255 = 5*u - 0*u. What is the greatest common divisor of u and 125?
25
Let h = -44 + 66. Let j(k) = -k**3 - k**2 + k + 1. Let q be j(-1). Suppose q = -4*r + 31 + 13. What is the highest common divisor of r and h?
11
Suppose -2*q + 115 = 2*j - 3*q, -j + 65 = -3*q. Calculate the greatest common factor of 7 and j.
7
Let m = 8 - 6. Suppose -i + 3*j + 2 = j, -i = 2*j - m. Let a(y) = 2*y - 2. Let k be a(5). Calculate the greatest common factor of k and i.
2
Suppose 3*o + 2*o = 25. Let v(j) = o*j + 6 - 3*j + 2*j. Let z be v(5). What is the greatest common factor of 65 and z?
13
Let w = -1 - -5. Suppose -n + 4*k - 10 = -3*n, w*n - 3*k - 31 = 0. Let y(d) = 4*d**2 - d - 2. Let p be y(n). Calculate the highest common factor of 17 and p.
17
Suppose -18 = 2*x - 66. Suppose 2*q + 870 = 4*d, 3*q = -d + 2*d - 225. Calculate the highest common divisor of d and x.
24
Let z(t) = t**3 - 27*t**2 + 26*t + 12. Let n be z(26). Calculate the highest common divisor of n and 15.
3
Suppose 6 + 0 = 2*k. Let i = 11 + k. Let u be 58 - (4/(-2) - -4). Calculate the greatest common divisor of i and u.
14
Let t = 4 - -1. Suppose -t*s = -5*q + 620, s - 2*s = 4*q - 481. Let i(y) = -y**2 - 8*y - 5. Let n be i(-4). What is the highest common factor of q and n?
11
Suppose 0 = -11*w - w + 384. Calculate the greatest common factor of 24 and w.
8
Suppose 0*w + 14 = w. Suppose 3*r + i = -3*i + 386, 0 = -5*r + 3*i + 624. What is the highest common divisor of w and r?
14
Suppose 5*o - 90 = v - 6*v, v - 110 = -5*o. Suppose -17 = -2*n + o. Calculate the highest common divisor of 5 and n.
5
Suppose 4*x - 4 = -0, 4*i - 17 = 3*x. Suppose -u - 10 = 4*u - 5*b, -i*b + 14 = -3*u. Suppose 0*h - 2*h = -u. What is the highest common factor of 3 and h?
1
Let a be -8*((-7)/(-2))/((-4)/6). Calculate the greatest common divisor of 28 and a.
14
Suppose 39 = -v + 2*v. Let f be (-18)/(-10)*(-70)/(-21). Let o be f/4*104/12. What is the highest common factor of o and v?
13
Let i = 2 - -3. Suppose -3*t + 1 = -i. Let m = t + 2. What is the highest common factor of 36 and m?
4
Let q(b) = b + 1. Let w be q(7). Let d = -1 + -3. Let y = d + w. Calculate the highest common divisor of 44 and y.
4
Let t(u) be the third derivative of u**5/15 - u**4/24 - u**3/6 - 2*u**2. Let k be t(-3). Calculate the highest common factor of k and 19.
19
Let o = 92 + -64. Calculate the greatest common factor of 28 and o.
28
Suppose -o + 0*o + 18 = 4*s, 0 = 5*o - 5*s + 10. Suppose -o*l = l - 6. Calculate the greatest common factor of 18 and l.
2
Suppose -2*m + 7*m = 15, -g = -3*m - 18. Let z = 9 - 6. Let q be 4/(-6) - (-56)/z. Calculate the highest common divisor of q and g.
9
Suppose -124 + 4 = -3*s. Suppose 0 = 2*x - j - 23, 16 = 4*x - 3*x - 2*j. Calculate the greatest common divisor of x and s.
10
Suppose -22*r + 50 = -17*r. What is the highest common divisor of r and 130?
10
Let n(y) = -8*y**3 - 2*y**2 - 3*y - 1. Let b be n(-2). Let d = b - 27. What is the highest common divisor of 51 and d?
17
Let s = -30 - -50. What is the greatest common divisor of 160 and s?
20
Let t(l) = 3*l**2 + 4*l - 7. Let p be t(5). Let b(f) = f**2 - f + 8. Let k be b(0). What is the highest common factor of p and k?
8
Suppose -21 - 15 = -4*r. Let c = 46 - -18. Let a = c - 46. Calculate the greatest common divisor of a and r.
9
Let c(j) be the third derivative of j**6/120 - j**5/20 - j**4/8 - j**3/2 + j**2. Let i be c(3). Let g = -9 - i. What is the greatest common divisor of g and 3?
3
Let y be (-2)/(5/(210/(-4))). Suppose -4*p = j + 11, 2*p + y = -5*j - p. Let q be (-18)/j*(-33)/(-2). What is the highest common divisor of 9 and q?
9
Suppose -5*m + 15 = -65. Calculate the highest common divisor of m and 32.
16
Let r be -38 + 8 + 1 + 2. Let h = r + 47. Let m(i) = i + 140. Let x be m(0). What is the greatest common divisor of x and h?
20
Suppose 56*k - 650 = 51*k. What is the greatest common divisor of 10 and k?
10
Let a be 2/(-6) - (-463)/3. Let x = -106 + a. Let s be -1 + 29 + 4 + 3 + -3. What is the greatest common factor of x and s?
16
Suppose 0 = 4*l - 3*l + 2*n - 14, 4 = -4*l + 4*n. Suppose r + l*h - 30 = 0, 3*h + 51 = 3*r + 2*h. What is the highest common factor of r and 162?
18
Let a(r) = -17*r - 14. Let b be a(-7). Let m be ((-18)/(-15))/((-2)/(-10)). Let k be (-2)/(m/(-45) + 0). What is the greatest common factor of k and b?
15
Let x(v) = 2*v**2 - 14*v + 47. Let b be x(8). Suppose -a = a - 18. What is the highest common divisor of a and b?
9
Suppose 59*h = 55*h + 348. Calculate the highest common factor of 58 and h.
29
Suppose 6*s - 35 = 13. Calculate the highest common divisor of s and 16.
8
Let f(z) = -4*z - 8. Let a be f(-3). Calculate the highest common divisor of 6 and a.
2
Let o be (1 + 1)/4*46/1. What is the highest common divisor of 115 and o?
23
Suppose 2*k = -3*k - 25, 0 = -4*i + 4*k. Let h = 10 + i. Suppose 0 = 4*l + 2*n - 744, -l + 179 = h*n - n. What is the highest common divisor of l and 17?
17
Suppose 39*d = 36*d + 36. Let p = -19 + 8. Let b = 29 + p. Calculate the highest common factor of b and d.
6
Let r(u) = -u**3 - 8*u**2 + 19*u - 6. Let n be r(-10). Let z be (14/5 - 2)*35. What is the highest common divisor of z and n?
4
Let q(w) = 2*w**3 - 3*w**2 + w + 2. Let k be q(-3). Let d be 2/(-3) - k/6. Calculate the highest common factor of d and 26.
13
Let l be (-36)/90 + 294/10. Calculate the highest common factor of 203 and l.
29
Let r = 83 + -69. What is the greatest common divisor of r and 42?
14
Let b(n) = -23*n + 5. Let d be b(-6). Let o = -9 + 22. Calculate the greatest common divisor of o and d.
13
Let x = 250 + -115. What is the greatest common factor of x and 15?
15
Suppose 2*l - 4 = -5*o - 0, -o - 4 = 0. Let a be ((-534)/12)/((-1)/(-2)). Let v = 149 + a. What is the greatest common factor of l and v?
12
Suppose -4*b - 14 = -4*f + 42, 0 = 3*f - 5*b - 50. Suppose 4*j - 240 = j. Calculate the greatest common factor of f and j.
10
Let o = 48 + -14. Calculate the highest common factor of o and 51.
17
Suppose -w + s = -57, -w - 3*s - 116 = -3*w. Calculate the highest common divisor of w and 5.
5
Let f be (-2)/(-4)*2*113. Suppose -f = -4*w - 41. Calculate the greatest common divisor of 27 and w.
9
Let t be (0 - 12)*(-1)/2. Suppose -5*c + 0*c + 29 = q, 3 = 3*c. Calculate the greatest common factor of t and q.
6
Suppose 3*s = 4*s + 15. Let o = s - -16. What is the highest common factor of o and 11?
1
Let q = 30 + -5. Let d(x) = x. Suppose -4*h + 11 = -9. Let f be d(h). Calculate the highest common factor of f and q.
5
Let c = -91 - -106. What is the greatest common divisor of c and 25?
5
Let q(t) = t**3 - t**2 - 7*t + 9. Let f be q(6). What is the highest common factor of f and 21?
21
Suppose 0 = -w - 3*i - 2 - 1, -5*w + i = -33. Let s = -6 - -9. Let p(h) = 8*h**2 - 3*h + 3. Let a be p(s). Calculate the greatest common factor of w and a.
6
Let f(p) = -2*p**3 + 14*p**2 - 7*p - 10. Let s be f(6). What is the highest common factor of 12 and s?
4
Let o = -26 + 39. Let b = o - 9. Suppose 2*i - 4*g + 20 = 5*i, 19 = 3*i + 5*g. What is the greatest common factor of 